b69a2?
-58b699b
In base 8, what is -53223 + -34204?
-107427
In base 15, what is -11a5024 - b?
-11a5030
In base 6, what is -241541502 - 11?
-241541513
In base 9, what is -2 - -63523326?
63523324
In base 2, what is 111101101010011101000 + 111111?
111101101010100100111
In base 2, what is 11011111011 + 1000010101000100?
1000110000111111
In base 5, what is -3322344 - -322?
-3322022
In base 13, what is -a - 691651?
-69165b
In base 6, what is -35321 + -13244?
-53005
In base 9, what is -2113 + 552342?
550228
In base 7, what is 2423256 + -1030?
2422226
In base 14, what is 3012227 + 3?
301222a
In base 16, what is -169e15 + -2?
-169e17
In base 3, what is 2022110200110 + 121?
2022110201001
In base 3, what is 11202111111202201 - 0?
11202111111202201
In base 6, what is -3 + 1055423154?
1055423151
In base 6, what is -133 + -1531341?
-1531514
In base 14, what is -99 - ca289?
-ca344
In base 15, what is 25c2 + acee?
d3c1
In base 13, what is -18ba38c + -2?
-18ba391
In base 2, what is 110000000110110100010110110100 + -101?
110000000110110100010110101111
In base 14, what is 215777d + b?
215778a
In base 15, what is -c63eb5 - 5?
-c63eba
In base 3, what is -2000222121012020 - -110?
-2000222121011210
In base 8, what is 4 + -26331433?
-26331427
In base 16, what is 4 - -60ec3c?
60ec40
In base 9, what is -15 + 170176634?
170176618
In base 6, what is 15 - 1012441231?
-1012441212
In base 6, what is 1130 + -1002345?
-1001215
In base 9, what is 12328 + 8116?
21445
In base 12, what is -3 - 1750086?
-1750089
In base 11, what is -99093 - -67?
-99027
In base 6, what is -13 - 205500445?
-205500502
In base 15, what is 67bbed + 8?
67bc06
In base 10, what is -4 + 54786327?
54786323
In base 16, what is 16 + 390141?
390157
In base 8, what is -254 - -2537025?
2536551
In base 6, what is 154 + -2105403?
-2105205
In base 12, what is b6509 + 16?
b6523
In base 9, what is -175548 + -1?
-175550
In base 16, what is c3dc6a - -1?
c3dc6b
In base 4, what is -1022 - 33003101?
-33010123
In base 2, what is 1111010111010001 - -1000101?
1111011000010110
In base 2, what is -111010110011000 - 101000100000?
-111111110111000
In base 16, what is 4 - c1d0f85?
-c1d0f81
In base 7, what is 5 + 253550?
253555
In base 10, what is 107 + -48103?
-47996
In base 6, what is 2322 - 14011045?
-14004323
In base 7, what is -40 - 23005644?
-23006014
In base 16, what is 1a - 4a200?
-4a1e6
In base 5, what is 1013104023 + 144?
1013104222
In base 2, what is -110001110101010 - 10000000011?
-110011110101101
In base 3, what is -220010221 - 2010202?
-222021200
In base 15, what is -ab4d - -3d?
-ab10
In base 5, what is -2042424 + -44403?
-2142332
In base 2, what is 100001101101010000101111 - -10?
100001101101010000110001
In base 12, what is -1 + 1522b353?
1522b352
In base 8, what is -101756 - -1337?
-100417
In base 11, what is -1 + 4111063?
4111062
In base 15, what is -4 + 26977ed?
26977e9
In base 12, what is 22454975 + 4?
22454979
In base 10, what is 5 - 16972508?
-16972503
In base 15, what is 193a2 - 2?
193a0
In base 3, what is 210010 + -1020102220202?
-1020102010122
In base 4, what is -30 + -233331132?
-233331222
In base 4, what is 1323 - 21132110?
-21130121
In base 14, what is -4 - -1a28076?
1a28072
In base 12, what is -379569 + 2?
-379567
In base 6, what is 102 - 103115445?
-103115343
In base 8, what is -15536507 + 3?
-15536504
In base 11, what is -462014 - -579?
-461546
In base 3, what is -20012101222 + -120?
-20012102112
In base 8, what is -12040502 + 3?
-12040477
In base 8, what is 12 + 540517?
540531
In base 14, what is 1013b + 14d4?
11631
In base 5, what is 313121400 - -4?
313121404
In base 8, what is -136736 - -574?
-136142
In base 14, what is 5 + 28d605c?
28d6063
In base 5, what is -12320340102 + 0?
-12320340102
In base 2, what is 101 + -101001111000100110111011?
-101001111000100110110110
In base 2, what is -100 + 10010110101110110101010100?
10010110101110110101010000
In base 3, what is 101102021211 - -12120?
101102111101
In base 4, what is 100030 - 12323320?
-12223230
In base 12, what is -191988 + -37?
-191a03
In base 16, what is 1571d - 3c6?
15357
In base 12, what is 7 - b0786b?
-b07864
In base 14, what is 8c6 - 790b8?
-785d2
In base 14, what is 0 + -c351320?
-c351320
In base 9, what is 358227154 - -10?
358227164
In base 7, what is -103544022 - -1?
-103544021
In base 7, what is 51412 - 264?
51115
In base 5, what is 203 + 311223203?
311223411
In base 2, what is -100 + 101001010100110000001101101?
101001010100110000001101001
In base 15, what is 9733e09 + 0?
9733e09
In base 12, what is -64 + -11b94?
-12038
In base 6, what is 4 + 352514530?
352514534
In base 7, what is 34254221 - 2?
34254216
In base 4, what is -20031122112 - 10?
-20031122122
In base 10, what is -204408289 + -7?
-204408296
In base 3, what is -20022122000211010 - 2?
-20022122000211012
In base 3, what is -10102220220 - 121220?
-10110112210
In base 15, what is 80071a + -1?
800719
In base 9, what is -32 - 208821?
-208853
In base 15, what is -7 - c1ed0?
-c1ed7
In base 15, what is 1118 - -1cebe?
1e0d7
In base 15, what is 1ca49c9 - -c?
1ca49d6
In base 3, what is -10102022221221 - 1001?
-10102022222222
In base 11, what is 30352a7 - -14?
3035310
In base 16, what is 1b17c - -2c?
1b1a8
In base 7, what is 4 - 1563365365?
-1563365361
In base 9, what is -7160830 + 5?
-7160824
In base 9, what is 4307437 + -152?
4307275
In base 15, what is -1ec04592 + -3?
-1ec04595
In base 4, what is -2213 - 1101012311?
-1101021130
In base 10, what is 1 + -863311?
-863310
In base 15, what is 777 + 526?
c9d
In base 16, what is 640 + -2099?
-1a59
In base 8, what is -625 - -53440?
52613
In base 9, what is 27 - 157753?
-157725
In base 7, what is -31 + -12126515?
-12126546
In base 16, what is a43adbe2 - -1?
a43adbe3
In base 6, what is -315 + 324142?
323423
In base 5, what is -33120410 + 13?
-33120342
In base 8, what is -6247325 - -171?
-6247134
In base 8, what is 3 + -31447045?
-31447042
In base 8, what is 53454043 + -3?
53454040
In base 6, what is -323 - 1050533?
-1051300
In base 3, what is 2200200222012 - 101?
2200200221211
In base 9, what is -13662102 + -18?
-13662121
In base 14, what is 12 + -666b9?
-666a7
In base 12, what is -1 + -6bb540?
-6bb541
In base 13, what is -147ba59 + -7?
-147ba63
In base 14, what is 2 - -1cc4a1c?
1cc4a20
In base 10, what is -5839 - -11634?
5795
In base 6, what is -450301140 + -5?
-450301145
In base 5, what is 221124012111 - 1?
221124012110
In base 16, what is 46 + -104827?
-1047e1
In base 11, what is -90 + 22129?
22049
In base 5, what is 43032333 + -10?
43032323
In base 2, what is -100110110110110101 + -10111001011?
-100111001110000000
In base 10, what is -815934 + 87?
-815847
In base 13, what is -244a13 - -50?
-244993
In base 2, what is -11101111011111000001101110 - -10?
-11101111011111000001101100
In base 11, what is 37a09a3 + 0?
37a09a3
In base 4, what is -11200011011 - -23?
-11200010322
In base 12, what is -143317 - -33?
-1432a4
In base 14, what is -d - -73bd8?
73bc9
In base 7, what is -11315 - 13455?
-25103
In base 13, what is 95b784 + -3?
95b781
In base 10, what is -5414 - 96354?
-101768
In base 15, what is 3a007 - 38?
39ebe
In base 3, what is -1 - 101120210122120221?
-101120210122120222
In base 7, what is 120360362 - 15?
120360344
In base 11, what is -118a238 + -3?
-118a240
In base 3, what is -111 - 1110002211112101?
-1110002211112212
In base 9, what is -162064624 - 4?
-162064628
In base 13, what is -1c79 + 9a1c?
7a73
In base 16, what is 1662 - e511?
-ceaf
In base 8, what is 12015235 - -2?
12015237
In base 11, what is 4744 + 4933?
9577
In base 11, what is -342 + -4a886?
-50118
In base 2, what is -1110101 + -111001001100110?
-111001011011011
In base 12, what is -11b1 + 165?
-1048
In base 12, what is -7 + 47019a9?
47019a2
In base 10, what is -372517416 - 0?
-372517416
In base 5, what is 14 + 401113103?
401113122
In base 5, what is 2 + 1443402244?
1443402301
In base 13, what is 0 + -bbb667a?
-bbb667a
In base 13, what is -135947 + -27?
-135971
In base 7, what is 5502 - 335530?
-330025
In base 16, what is 4 - 698a179?
-698a175
In base 15, what is 132 + -11768?
-11636
In base 14, what is -aa + bc4c0?
bc414
In base 13, what is -141bb + 1b7?
-14004
In base 12, what is -1137 - 6348?
-7483
In base 15, what is -4 + -e9ae82?
-e9ae86
In base 9, what is -544 - -102